d) = d**2 + 8*d + 4. Let m be g(-8). Suppose m*z = -w + 8. Give p(z).
0
Let k(g) = -19 - 33 - g**2 + 51. Calculate k(-1).
-2
Let w(q) = -796*q**2 + 2*q**3 - 4 - q**3 + 1611*q**2 + 0 - 806*q**2. Calculate w(-9).
-4
Let u(f) = f**2 + f - 15. Let s be 4/(-8)*(1 + 9). Let g be (-3)/9*(-5 - s). Determine u(g).
-15
Let y(m) = m**2 - 2*m - 2. Suppose -5*p = -7 - 3. Suppose 3*z - 4 = p. Suppose -z*c = -2*l + 2, -2*c + 2*l + 3*l - 14 = 0. Calculate y(c).
1
Let v(o) = -o**2 - 88*o + 24. Let p(l) = 25*l - 7. Let n(h) = 7*p(h) + 2*v(h). Suppose j - 3*r = 2*r - 11, -5 = -j - 3*r. Determine n(j).
-2
Let d(m) = 2*m**3 + 8*m**2 - 6*m - 6. Let h be d(-4). Let t = -12 + h. Let a(r) = -r**3 + 5*r**2 + 5*r + 4. Calculate a(t).
-2
Let t(p) = -6*p + 31. Let o be t(5). Let m(k) = -o + k - 6 + 10. What is m(6)?
9
Let b(x) = -x**2 + 7*x - 5. Let t = 106 - 83. Suppose -4*n - n = -5*z - 25, 0 = -5*n + 3*z + t. Calculate b(n).
7
Let p(f) = -2 + 3*f**3 + f + 1 - 5*f**2 - 2*f**3. Let r be -2*1*2 - (-225)/25. What is p(r)?
4
Let z(f) = -f**3 + 24*f**2 + 22*f + 86. Let n be z(25). Let l(s) = s**3 - 11*s**2 + s - 4. Calculate l(n).
7
Suppose -118 = 17*p - 19*p. Suppose -3*c - 2*v - 32 = 0, -5*c - 5*v - p = 1. Let d(u) = -u - 14. Determine d(c).
-6
Let a(u) = 4*u + 2. Let h be a(2). Suppose 0 = -4*b + h + 2. Let y(g) = 2*g**2 + 5 - b*g - g**2 + 3*g + g. Give y(0).
5
Let s(v) = v**2 + 6*v - 2. Let f = 98 - 76. Suppose 0 = 2*r - 2*c + f, 0 = -2*c + 3 + 5. Determine s(r).
5
Let h(i) = 3*i - 1. Suppose 74 = k + 4*r, -5*k = -10*k - 4*r + 322. Let s = k - 61. Determine h(s).
2
Let p be ((-14)/(-35))/((-3)/15). Let d be (-7 + -7)/((-4)/p). Let v(f) = f + 10. Determine v(d).
3
Let g(v) be the third derivative of -v**5/60 + v**4/12 + 2*v**3/3 - 4*v**2 - 10*v. Give g(-4).
-20
Let l(n) be the third derivative of -n**6/120 - n**5/30 - n**4/24 - n**3/6 - 3*n**2 + 4*n. Determine l(-2).
1
Let k(a) be the first derivative of a**2/2 + 5*a - 90. Suppose 33 = -3*x - 0*x. Let r = -15 - x. Determine k(r).
1
Let q(z) be the second derivative of z**5/20 + z**4/4 - z**3/6 - z**2/2 + z. Let n be 1/((1/(-3))/(-3 + 4)). What is q(n)?
2
Let t(r) = r + 2. Suppose -3*c - c + 40 = 5*d, 21 = 5*c - d. Suppose -b + 4*i = 2, 0*i - i - 10 = c*b. Give t(b).
0
Let w(c) = 4*c - 42. Let l(o) = o - 7. Let r(b) = 5*l(b) - w(b). Determine r(6).
13
Let b(t) = 10 + 58*t + 0*t**2 + 6*t**2 - t**3 - 52*t. Give b(7).
3
Let n(g) = -39*g + 28*g - g + 4 + 4*g. Determine n(0).
4
Let l(m) = 5*m - 27. Let d(t) = 4*t - 27. Let c(j) = 3*d(j) - 2*l(j). Let z be c(15). Let v(g) = g**3 - 6*g**2 + g + 2. Calculate v(z).
-22
Let i(v) = -9*v**2 + 10*v - 25. Suppose 0 = 2*s + 5*f - 37, -f + 1 + 57 = 5*s. Let m(k) = 5*k**2 - 5*k + 13. Let y(r) = s*m(r) + 6*i(r). Determine y(-5).
-7
Let p(c) = -13*c**2 + 5*c + 2. Let j(z) = 10*z**2 - 4*z - 2. Let u(g) = -4*j(g) - 3*p(g). Give u(0).
2
Suppose 9 = 3*r - 3. Suppose r = -2*c, u - 15 + 7 = 4*c. Suppose -2*p + 2*m + 16 = 0, 3*p - 17 = -u*m - 4*m. Let t(q) = q**2 - 6*q - 4. What is t(p)?
3
Let t(q) = q + 27. Let m(v) = -3*v - 75. Let l(c) = 4*m(c) + 11*t(c). Determine l(3).
-6
Let p(s) be the first derivative of s**3/3 + 3*s**2 + 6*s - 73. Determine p(-6).
6
Let d(k) = -56*k + 32. Let u(t) = -33*t + 19. Let l(b) = -7*d(b) + 12*u(b). Let h(m) = m. Let y be h(3). What is l(y)?
-8
Let g(x) be the third derivative of 0*x**4 + 7*x**2 + 0 + 0*x + 5/2*x**3 - 1/60*x**5. Calculate g(0).
15
Let k(h) = 14*h**2 - 2*h + 1. Suppose 3*a + 3*l + 4 = -2*a, -4*l = 12. Give k(a).
13
Let o(s) = -3*s**2 + 40*s + 28. Let y be o(14). Let h(r) = -r**2 - 19. Determine h(y).
-19
Let d(a) be the first derivative of 2*a**2 - 7*a + 73. Determine d(4).
9
Let m(n) = n**2 + 12*n - 14. Let g be m(-13). Let u(j) = -2*j**2 + 0*j**2 + j**2. Let l(b) = -7*b**2 - b - 2. Let r(w) = g*l(w) + 6*u(w). Calculate r(-2).
4
Let d(m) = 2*m - 14. Let h(g) = -1. Suppose -4*x + 24 - 8 = 0, -7 = -5*f - 3*x. Let a(v) = f*d(v) + h(v). Give a(10).
-7
Let d(p) = -p**3 - 9*p**2 - 9*p - 10. Let w be d(-8). Let c be ((-4)/(-3))/(w/6). Let m(u) = -19 - 26*u + u**2 + 31*u + 22. Calculate m(c).
-1
Let c(d) = -d**3 - 10*d**2 - 8*d + 1. Let q(s) = s**2 - 7*s - 27. Let v be q(9). Calculate c(v).
-8
Let j(w) = -1. Let q(s) = 7*s - 9. Let v(m) = 6*j(m) - q(m). Calculate v(2).
-11
Let o(z) = z**2 + 5*z - 10. Let l(t) = 29*t + 2. Let w be l(1). Suppose w = -6*h - 11. Determine o(h).
4
Let r be (-3)/((-9)/6)*-3. Let o(s) = 5*s. Let y(h) = 14*h - 4. Let q(g) = -3*o(g) + y(g). Give q(r).
2
Let n(d) be the third derivative of -d**6/120 + d**5/10 - d**4/8 - 2*d**3/3 - 14*d**2 - 3*d. Let f(h) = h**3 - h**2 + h + 5. Let g be f(0). Calculate n(g).
6
Let v(a) be the second derivative of -4*a**3/3 - a**2/2 + 15*a. Let w be (0 + (-3)/(-9))*-3. Let q = 0 + w. Calculate v(q).
7
Suppose 5*x - 41 - 19 = 5*z, 0 = -3*z + 2*x - 36. Let y = z + 18. Let b(i) = 3 + i + 4 - y - 5. Give b(-3).
-7
Let t(j) = -j**2 + 6*j + 7. Suppose -s - 94 = -2*s - 2*w, -4*w = -4*s + 376. Let a be 4/14 + s/14. Calculate t(a).
0
Let o(n) = 5*n**3 + 13*n**2 - 10*n + 11. Let g(s) = -7*s**3 - 15*s**2 + 11*s - 10. Let v(r) = 2*g(r) + 3*o(r). Determine v(-10).
-7
Let x(t) = -t**2 - 13*t + 19. Let v(c) = 15*c + 122. Let a be v(-9). Give x(a).
19
Suppose 0 = 5*n + 30 + 10. Let f = -9 - n. Let s be ((-5)/2)/(f/(-2)). Let b(j) = -j**3 - 5*j**2 - 2*j - 2. Give b(s).
8
Let d(t) be the third derivative of 0 + 1/24*t**4 - 23*t**2 + 0*t - 2/3*t**3. Determine d(-3).
-7
Let r(y) = -7*y**2 - 7*y**2 + y + 2*y**2. Suppose -v - 4*f + 32 - 47 = 0, 0 = v - 2*f - 9. What is r(v)?
-11
Let u(v) be the first derivative of -v**3/3 - v**2/2 + 6*v + 1. Let d(f) = f + 6. Let q = -83 - -77. Let m be d(q). What is u(m)?
6
Let t(i) = -18*i - 3 + 12*i - 7 + 4*i. Suppose -3*z + 0*z = 5*n + 39, -z - 4*n - 20 = 0. Give t(z).
6
Let h(p) be the first derivative of 3 + 4*p - 1/2*p**2. Calculate h(5).
-1
Let n(p) = 3*p**3 + 20*p**2 + 90*p - 12. Let u(h) = -h**3 - 7*h**2 - 32*h + 4. Let o(v) = -6*n(v) - 17*u(v). Give o(-4).
36
Suppose 0 = 6*n - n - 135. Let b be (n/6)/9*0. Let q(f) = f**3 - 3. Calculate q(b).
-3
Let m(u) be the first derivative of -u**2 - u - 36. Calculate m(5).
-11
Let b(d) be the third derivative of d**5/60 - d**4/24 + 2*d**3/3 - 29*d**2. Give b(3).
10
Let n(k) = -k. Let m(f) = f + 3. Let o be m(3). Let w = 13 + -22. Let b = o + w. Give n(b).
3
Let q(w) = -60 + 0*w + 78 + w - 3*w. Let x be q(6). Let a(b) = x - b - 4 + 4 + 2. What is a(0)?
8
Let j = -7 + 10. Let b(m) = -4*m**2 - 7*m + 1. Let p(d) = 3*d**2 + 6*d. Let g(q) = -4*b(q) - 5*p(q). Give g(j).
-1
Let r be ((-4)/5)/(10/(-75)). Let k(c) be the second derivative of c**5/20 - c**4/2 - 4*c**2 + 6*c. What is k(r)?
-8
Let k(j) = -18*j + 40*j - 30*j. Determine k(3).
-24
Let b(x) = x**2 - 28*x - 201. Let l be b(-6). Let t(k) = 2*k**2 - 5*k + 3. Determine t(l).
6
Suppose 0 = f - 4*h - 16, -5*f = -17*h + 21*h + 40. Let q(k) = 3*k**2 + 2*k + 4. Give q(f).
44
Let u(m) = -m**3 - m**2 - m + 1. Let x(v) = -5*v**3 - 3*v**2 - 3*v + 10. Let h(j) = -6*u(j) + x(j). Let n be 84/(-22) - (-2)/(-11). Determine h(n).
-24
Let p(m) = m**2 - 2*m - 2. Suppose 0*a - 3*i = 3*a - 15, -25 = -2*a + i. Let w be 2/4 - a/4. Determine p(w).
6
Let z(p) = -14 - 37*p + 16*p - 11*p**2 + p**3 + 42*p. Give z(9).
13
Let k(z) = z**3 + 6*z**2 - 4*z + 26. Let w be k(-7). Let q(t) = -2*t - t**3 + 4*t**3 - 2*t**3 - 5*t**2 + 4. Determine q(w).
-6
Let p = -25 + 29. Suppose 1 = -0*w + w + u, -5*u = -w + 1. Suppose -5*k + p + w = 0. Let f(l) = -4*l - 1. What is f(k)?
-5
Let t(b) be the third derivative of b**5/60 + 2*b**4/3 + 3*b**3 - 47*b**2 - 5*b. Determine t(-11).
-37
Let n(y) = -2*y - 6. Let s be 436/6 - 6/9. Suppose -5*o + z + 27 = -s, 0 = -3*o + 3*z + 57. Suppose -3*r - 2*r = o. Calculate n(r).
2
Let f = -12 - -13. Let b(z) = 12*z - 2 - 10*z + f + z**2 + 4. Let u be (6/5)/(10/(-25)). What is b(u)?
6
Let j(x) = -2*x - 1. Let d(y) = 15*y**2. Let g be d(1). Let z(n) = -4*n + 0*n**2 + g - 17 - 4*n**2 - n**3. Let s be z(-3). What is j(s)?
-3
Let f(b) = 7*b**2 - b + 4. Let w(i) = -12*i**2 - 8. Let l(r) = 5*f(r) + 3*w(r). Give l(-7).
-18
Let i(k) = 0 + 0 + 5*k. Suppose 16*o - 13*o = -5*s - 1, -4*o - s - 7 = 0. What is i(o)?
-10
Suppose 0 = 2*f - f. Let h(m) = -m + 10. Let x = 21 - 15. Let s(l) = 1. Let u(p) = x*s(p) - h(